
0
What is the hundreds digit of 434459?
4
What is the hundred thousands digit of 466637?
4
What is the tens digit of 21627?
2
What is the tens digit of 261329?
2
What is the units digit of 237705?
5
What is the tens digit of 5274080?
8
What is the units digit of 1231555?
5
What is the thousands digit of 461451?
1
What is the hundred thousands digit of 8503911?
5
What is the ten thousands digit of 113595?
1
What is the tens digit of 23534504?
0
What is the thousands digit of 40755842?
5
What is the ten thousands digit of 4728296?
2
What is the hundreds digit of 180315?
3
What is the units digit of 8318084?
4
What is the units digit of 1481808?
8
What is the thousands digit of 1250158?
0
What is the ten thousands digit of 110700?
1
What is the hundreds digit of 1321898?
8
What is the thousands digit of 410771?
0
What is the thousands digit of 9628958?
8
What is the thousands digit of 1068300?
8
What is the ten thousands digit of 2866079?
6
What is the units digit of 335234?
4
What is the units digit of 1404196?
6
What is the hundred thousands digit of 1980197?
9
What is the hundreds digit of 250785?
7
What is the hundreds digit of 2031530?
5
What is the millions digit of 2779987?
2
What is the ten thousands digit of 1350146?
5
What is the thousands digit of 5073966?
3
What is the ten thousands digit of 879537?
7
What is the thousands digit of 295231?
5
What is the hundred thousands digit of 6044685?
0
What is the ten thousands digit of 511218?
1
What is the ten thousands digit of 1970807?
7
What is the hundred thousands digit of 2675431?
6
What is the hundreds digit of 142991?
9
What is the ten thousands digit of 366859?
6
What is the hundreds digit of 126166?
1
What is the hundred thousands digit of 377270?
3
What is the tens digit of 482162?
6
What is the tens digit of 571871?
7
What is the tens digit of 342949?
4
What is the hundreds digit of 6153067?
0
What is the ten thousands digit of 326058?
2
What is the units digit of 15462?
2
What is the ten thousands digit of 122469?
2
What is the thousands digit of 87038?
7
What is the hundred thousands digit of 10832968?
8
What is the thousands digit of 588864?
8
What is the thousands digit of 80416?
0
What is the hundred thousands digit of 2895547?
8
What is the millions digit of 3846750?
3
What is the hundred thousands digit of 1163209?
1
What is the tens digit of 246262?
6
What is the tens digit of 6625468?
6
What is the ten thousands digit of 72033?
7
What is the tens digit of 873815?
1
What is the ten millions digit of 12128176?
1
What is the thousands digit of 1005703?
5
What is the hundreds digit of 150666?
6
What is the tens digit of 402561?
6
What is the thousands digit of 680868?
0
What is the tens digit of 194171?
7
What is the tens digit of 17354459?
5
What is the ten thousands digit of 1434934?
3
What is the units digit of 5431409?
9
What is the units digit of 1371792?
2
What is the ten thousands digit of 260411?
6
What is the thousands digit of 104192?
4
What is the hundred thousands digit of 272764?
2
What is the ten thousands digit of 2647834?
4
What is the millions digit of 16409965?
6
What is the hundreds digit of 6857566?
5
What is the hundred thousands digit of 1326525?
3
What is the units digit of 177858?
8
What is the tens digit of 453329?
2
What is the ten thousands digit of 1162144?
6
What is the hundred thousands digit of 189129?
1
What is the units digit of 468976?
6
What is the hundreds digit of 12843180?
1
What is the hundreds digit of 557298?
2
What is the tens digit of 1538330?
3
What is the millions digit of 2587487?
2
What is the tens digit of 877036?
3
What is the hundred thousands digit of 1125338?
1
What is the ten thousands digit of 3316136?
1
What is the ten thousands digit of 12103442?
0
What is the millions digit of 2281083?
2
What is the ten thousands digit of 4167748?
6
What is the hundred thousands digit of 22824589?
8
What is the ten thousands digit of 1123002?
2
What is the hundred thousands digit of 12925317?
9
What is the ten thousands digit of 1373157?
7
What is the ten thousands digit of 2158731?
5
What is the ten thousands digit of 65689?
6
What is the thousands digit of 4988235?
8
What is the tens digit of 604241?
4
What is the units digit of 1139402?
2
What is the tens digit of 87671?
7
What is the thousands digit of 2283133?
3
What is the millions digit of 3215373?
3
What is the tens digit of 524682?
8
What is the ten thousands digit of 3581901?
8
What is the thousands digit of 940273?
0
What is the tens digit of 569028?
2
What is the hundreds digit of 1915334?
3
What is the hundreds digit of 183800?
8
What is the units digit of 1914389?
9
What is the units digit of 118821?
1
What is the tens digit of 460049?
4
What is the tens digit of 115438?
3
What is the hundreds digit of 10934958?
9
What is the hundred thousands digit of 252828?
2
What is the hundred thousands digit of 143510?
1
What is the millions digit of 1146538?
1
What is the hundreds digit of 82182?
1
What is the ten thousands digit of 686808?
8
What is the tens digit of 5371613?
1
What is the hundred thousands digit of 464870?
4
What is the thousands digit of 292909?
2
What is the ten thousands digit of 182837?
8
What is the tens digit of 27201379?
7
What is the units digit of 375922?
2
What is the hundreds digit of 5252045?
0
What is the tens digit of 261879?
7
What is the hundred thousands digit of 130967?
1
What is the units digit of 724293?
3
What is the tens digit of 152289?
8
What is the ten thousands digit of 166514?
6
What is the hundred thousands digit of 118217?
1
What is the tens digit of 12518687?
8
What is the hundreds digit of 3958971?
9
What is the hundred thousands digit of 2515609?
5
What is the tens digit of 367508?
0
What is the tens digit of 176740?
4
What is the hundreds digit of 1342303?
3
What is the tens digit of 4376333?
3
What is the ten thousands digit of 496929?
9
What is the thousands digit of 10449120?
9
What is the ten thousands digit of 312364?
1
What is the ten thousands digit of 117616?
1
What is the millions digit of 4748329?
4
What is the units digit of 159798?
8
What is the hundred thousands digit of 133531?
1
What is the ten thousands digit of 58046?
5
What is the thousands digit of 30201?
0
What is the thousands digit of 214709?
4
What is the ten thousands digit of 1515273?
1
What is the tens digit of 518022?
2
What is the units digit of 2371?
1
What is the units digit of 619855?
5
What is the hundred thousands digit of 174044?
1
What is the ten thousands digit of 38306?
3
What is the hundreds digit of 4605236?
2
What is the thousands digit of 1404010?
4
What is the thousands digit of 305822?
5
What is the ten thousands digit of 3126165?
2
What is the units digit of 1002611?
1
What is the hundred thousands digit of 881346?
8
What is the thousands digit of 1079281?
9
What is the thousands digit of 119014?
9
What is the millions digit of 2336941?
2
What is the tens digit of 371751?
5
What is the hundreds digit of 225734?
7
What is the hundred thousands digit of 1847391?
8
What is the tens digit of 26366870?
7
What is the hundreds digit of 413961?
9
What is the tens digit of 154438?
3
What is the tens digit of 224610?
1
What is the tens digit of 72385?
8
What is the hundred thousands digit of 4869131?
8
What is the ten thousands digit of 5140844?
4
What is the millions digit of 40114417?
0
What is the millions digit of 4857857?
4
What is the ten thousands digit of 335492?
3
What is the tens digit of 111745?
4
What is the ten thousands digit of 9939980?
3
What is the hundreds digit of 20340890?
8
What is the thousands digit of 5971258?
1
What is the hundreds digit of 384447?
4
What is the units digit of 106489?
9
What is the tens digit of 215882?
8
What is the tens digit of 168005?
0
What is the hundred thousands digit of 25773069?
7
What is the hundreds digit of 4212198?
1
What is the units digit of 2311037?
7
What is the ten thousands digit of 21320221?
2
What is the ten thousands digit of 257796?
5
What is the ten thousands digit of 513949?
1
What is the ten thousands digit of 32040654?
4
What is the tens digit of 6573534?
3
What is the hundred thousands digit of 343847?
3
What is the millions digit of 1680158?
1
What is the hundred thousands 